 = -j**3 + 10*j**2 - 3*j + 7. Suppose -6*a + 5*a + 164 = 5*z, 3*z - 144 = 7*a. What is the remainder when q(8) is divided by z?
9
Let d(b) = 6*b**2 - 14*b + 7. Let x(o) = -34*o**2 - 90*o - 7. What is the remainder when d(9) is divided by x(-2)?
34
Suppose 11*y - 2412 = -201. What is the remainder when 198 is divided by y/4*148/111?
64
Let o(m) = -13*m**2 + 346*m - 135. What is the remainder when 11166 is divided by o(26)?
70
Calculate the remainder when 79 is divided by 3*(-41)/(-3) - -7.
31
Suppose 47*g - 1413 = 1595. Suppose -44 = -3*s - 2*v, 5*s + 5*v - 9 = 66. Calculate the remainder when g is divided by s.
8
Let h(p) = -4*p**3 - p**2 - 3*p - 3. Let y be ((-2)/(-4))/(4/2232) - 3. Suppose 16*d - y = -7*d. What is the remainder when h(-2) is divided by d?
7
Suppose 0 = i + 3*h - 691, -126*h = -129*h - 6. Calculate the remainder when i is divided by 54.
49
Let c = 216 - 236. Calculate the remainder when 121 is divided by (2/(-6)*-4)/(c/(-210)).
9
Let v be (0 - 20)*(-667)/(-46). Let n = -274 - v. What is the remainder when 88 is divided by n?
8
Suppose -s - 1548 = -2*r, -3*r = 38*s - 34*s - 2311. Calculate the remainder when r is divided by 12.
5
Let s = 130 - 122. Suppose -4*p = -2*m + 9*m - 26, 0 = 2*p + s. Calculate the remainder when m is divided by 6.
0
Let l = 5335 - 5321. What is the remainder when 1367 is divided by l?
9
Suppose -59*a - 1828 + 2745 = -7520. Calculate the remainder when 371 is divided by a.
85
Suppose 127 = 4*i + 2*n + n, -117 = -4*i - n. What is the remainder when 265 is divided by (-5 - -5 - i)*91/(-28)?
83
Let t(p) = -36*p - 445. Calculate the remainder when t(-17) is divided by 13.
11
Suppose r = 4*o + 12, 3*r - o - 2*o = 0. Suppose -2*a = 37 - 137. What is the remainder when a is divided by (22/r)/(2/(-4))?
6
Suppose 2*j = -28*j + 158*j - 152960. What is the remainder when j is divided by 109?
105
Suppose -91*r = -1129 - 145. Let b = 451 - 314. What is the remainder when b is divided by r?
11
Let x = 7322 - 7239. What is the remainder when x is divided by (7 - -2)/((-3)/(-2))?
5
Let x(p) = -2*p**3 + 7*p**2 + 23*p + 3. Let k be x(9). Calculate the remainder when (16/(-136) + k/(-153))*9 is divided by 14.
11
Let a(q) = q**3 - q**2 + 2*q + 1542. What is the remainder when a(0) is divided by 15?
12
Calculate the remainder when (6/(-18)*3)/((-2)/960) is divided by 121.
117
Let a(r) = r + 50. Calculate the remainder when 56 is divided by a(-42).
0
Calculate the remainder when 460 is divided by 938/((-266)/19)*-1.
58
Let v be (-16)/192 + 2566/(-24). Let l = 137 + v. What is the remainder when 108 is divided by l?
18
Let o = -94 + 78. Let p = 263 - o. Calculate the remainder when p is divided by 70.
69
Suppose 2*t - 4 = 0, t = 2*k - 3*t + 78. Calculate the remainder when (-5637)/(-15) + (-7)/k is divided by 29.
28
Let x(s) = -2*s + 67. Let l(t) = -t + 3. Let w(a) = -4*l(a) + x(a). What is the remainder when w(19) is divided by 32?
29
Let i(y) = -y + 172. Let a(d) = -d**3 + 13*d**2 - 38*d + 12. Let q be a(9). Calculate the remainder when i(q) is divided by 60.
58
Let i = -104 - -111. Suppose -316 = -i*y - 99. What is the remainder when y is divided by 17?
14
Let z(a) = a**2 + a - 15. Let g be z(-4). What is the remainder when (4 + g)*-110*16/(-40) is divided by -1 - -21 - (19 + -16)?
10
Suppose o + 4*a = 489, 4*o + 5*a - 1816 = 9*a. Calculate the remainder when o is divided by 23.
1
Let j(b) = 3*b**2 + 9*b. Suppose -15*q + 13*q + 56 = 0. Let z = q + -9. Calculate the remainder when j(-6) is divided by z.
16
Let y = -982 - -1435. Suppose -3*n + 5*i = -392 - y, -2*n - i = -572. What is the remainder when n is divided by 26?
25
Suppose 4*v + 2*k - 5488 = 0, 6867 = -11*v + 16*v - k. Calculate the remainder when v is divided by 55.
53
Calculate the remainder when 3*572/8*4/(-6)*-3 is divided by 32.
13
Let d(w) = -7*w + 38. Let y be d(5). Calculate the remainder when 1 - ((-510)/9)/(2/y) is divided by 19.
10
Let g(u) = 17*u + 602. What is the remainder when 1301 is divided by g(-29)?
102
Let k = -113 + 93. Let b = 31 + -12. Calculate the remainder when 50 + 5/k*2*0 is divided by b.
12
Let k = 16960 - 10720. Suppose 8*v = -22*v + k. Calculate the remainder when v is divided by 71.
66
Let k be ((-5130)/(-165))/6 + (-2)/11. Calculate the remainder when 81 is divided by k/(-2)*(-2244)/255 + 4.
3
Let d(c) = -4*c - 901 + 910 + 0*c - c**2. Calculate the remainder when 107 is divided by d(0).
8
Suppose -5*v - n = 1748, 2*n = 3*v - 0*n + 1054. Let m = v - -356. Suppose s = -0*s + 5*u + 9, -14 = -4*s - 2*u. What is the remainder when m is divided by s?
2
Let s(c) = c - 20. Let l be s(16). What is the remainder when 100 + (-3)/(l + 1) is divided by 65/2 - 69/(-46)?
33
Let a(u) = -349*u - 1695. What is the remainder when 182 is divided by a(-5)?
32
Let y be (-8 + 0/4 + 3)/(-1). Suppose -289 = -y*p - 3*f, -f + 4*f = 2*p - 103. Let o = -24 + p. Calculate the remainder when o is divided by 18.
14
Let v be ((-85)/10)/((-1)/(-2)). Let l = v + 20. Suppose -g + l = -25. Calculate the remainder when 54 is divided by g.
26
Let a(u) = -u**2 + 9*u - 10. Calculate the remainder when (-9522)/(-1656)*(13 + -1*2 + 1) is divided by a(7).
1
Calculate the remainder when 210 is divided by ((5832/(-63))/12)/((-4)/42).
48
Let z(m) = m**2 - 10*m - 42. Let a = 249 + -253. What is the remainder when 26 is divided by z(a)?
12
Suppose -5*h + 19*h - 12627 = 11*h. What is the remainder when h is divided by 11?
7
Let z = 2867 - 2558. What is the remainder when z is divided by 148?
13
Let c(g) = 13 - 3 + 19 - 280*g + 279*g + 18. Calculate the remainder when 123 is divided by c(-8).
13
Suppose 4*a - t - 1205 = -0*t, -a + 311 = 3*t. Suppose 7*d - 48 = a. Let i = 16 + 1. Calculate the remainder when d is divided by i.
16
Let r(o) = 0*o**2 + 6 - 3*o**2 - 2 - o + o**3 + 8*o**2. Let c be r(-5). Suppose -2*u + 3 = -c. What is the remainder when 47 is divided by u?
5
Let d(k) = -k - 3. Let p be d(-5). Suppose -p*x = -4*x + 40. Calculate the remainder when ((-2200)/(-50) - 34)*3 is divided by x.
10
Let p = 325 - 321. What is the remainder when 3*p/12*79 is divided by 22?
13
Suppose 4*t = -3*q + 200 - 27, -4*q - 4 = 0. Calculate the remainder when t is divided by 30.
14
What is the remainder when ((-40)/6)/(2 + -3)*(-1701)/(-42) is divided by 125?
20
Let y = 704 + -468. Suppose -4 + 12 = -2*a. Let n(l) = -6*l - 7. Calculate the remainder when y is divided by n(a).
15
Let q(w) = -w**2 - 18*w + 10. Suppose -12*c - 518 = 25*c. What is the remainder when 392 is divided by q(c)?
62
Suppose 0 = -2*i - 4, -10 = -x + 5*i - i. Suppose 1 = 2*w - 13. Suppose -70 = x*o - w*o. Calculate the remainder when 79 is divided by o.
9
Calculate the remainder when 11/(-44)*46688/24*(0 - 3) is divided by 43.
40
Suppose -5*q + 8*q = 6. Let j(x) = 0*x**2 + 8*x**2 + 6*x**2 + 5*x**q - x. Calculate the remainder when 52 is divided by j(1).
16
Let r(p) = -p**3 - 22*p**2 + 35*p + 2. Let g be r(-24). Let m = g + -182. Calculate the remainder when m is divided by 45.
42
Let h = 115 - 115. Suppose -4*b + 5*b = 4*u - 169, h = 2*u - 3*b - 87. Calculate the remainder when u is divided by 15.
12
Let m be (-1)/(((-33)/(-234))/(-11)). Suppose -5*j + 192 = 4*a, m = 60*j - 58*j + 2*a. What is the remainder when 71 is divided by j?
35
Let q(p) = p + 1. Let w(k) = -k**2 - 4*k + 4. Let j(u) = -2*q(u) + 2*w(u). Let x be j(4). Let f = x + 152. What is the remainder when f is divided by 11?
9
Suppose -2787 = -70*t + 13. Calculate the remainder when t is divided by 16.
8
Suppose -49*c + 4114 = -27*c. Calculate the remainder when c is divided by 131.
56
Suppose -9232 + 747 = -532*p + 8539. What is the remainder when p is divided by 62/(2 + -1 - -1)?
1
Let g(r) = 2*r**3 - 79*r**2 + 120*r - 214. Let a = 15 - 5. What is the remainder when g(38) is divided by a?
4
Calculate the remainder when 58 is divided by ((-36)/(-16) - 2)*-4 + 5.
2
Suppose 5*x = -3*z + 24 - 2, -4*x = 4. Let s(u) = 10*u**2 - 2*u + 2. Let i be s(3). Let p = i + -33. Calculate the remainder when p is divided by z.
8
Let w = 1282 - 1265. Suppose -12 = 5*g - 152. What is the remainder when g is divided by w?
11
Let k(n) = 28*n - 1369. Calculate the remainder when k(54) is divided by 25.
18
Suppose 5*j - 24*h - 181 = -22*h, -h - 108 = -3*j. Calculate the remaind